{"id":822,"date":"2017-11-13T23:41:28","date_gmt":"2017-11-13T22:41:28","guid":{"rendered":"https:\/\/lesvoyagesdechantaletmaurice.wordpress.com\/?page_id=822"},"modified":"2023-01-15T15:51:20","modified_gmt":"2023-01-15T14:51:20","slug":"san-cristobal-quito-j-11-et-12","status":"publish","type":"page","link":"https:\/\/lesvoyagesdechantaletmaurice.fr\/?page_id=822","title":{"rendered":"San Cristobal-Quito-J-13"},"content":{"rendered":"<p><strong>Mercredi 22 novembre, San Cristobal &#8211; Quito<\/strong><\/p>\n<p>Lev\u00e9e 8h, un bon petit d\u00e9jeuner et pr\u00e9paration des bagages.<\/p>\n<p>C&rsquo;est notre dernier jour aux Galapagos \ud83d\ude29et notre avion est \u00e0 13h20.<\/p>\n<p>Un dernier tour dans la ville de Puerto baquerizo et une derni\u00e8re visite aux otaries sur la playa Mann.<\/p>\n<p><img loading=\"lazy\" decoding=\"async\" class=\"wp-image-1040\" src=\"https:\/\/lesvoyagesdechantaletmaurice.files.wordpress.com\/2017\/11\/img_7466.jpg\" width=\"7842\" height=\"3910\" \/><img loading=\"lazy\" decoding=\"async\" class=\"wp-image-1039\" src=\"https:\/\/lesvoyagesdechantaletmaurice.files.wordpress.com\/2017\/11\/img_7456.jpg\" width=\"3024\" height=\"4032\" \/><br \/>\nIls sont l\u00e0, comme toujours, certains se baignent d&rsquo;autres font la sieste, les b\u00e9b\u00e9s s&rsquo;amusent entre eux ou t\u00e8tent leur m\u00e8re.<\/p>\n<p><img loading=\"lazy\" decoding=\"async\" class=\"wp-image-1041\" src=\"https:\/\/lesvoyagesdechantaletmaurice.files.wordpress.com\/2017\/11\/img_7447.jpg\" width=\"1328\" height=\"747\" \/><br \/>\nJe profite de ce moment pour appeler mes petits, T\u00e9o et Ana et leurs faire profiter de ce paysage en vid\u00e9o.<\/p>\n<p>Ils sont \u00e9bahis de voir des animaux en libert\u00e9 sur une plage.<\/p>\n<p>Il est l&rsquo;heure de prendre nos bagages \u00e0 l&rsquo;h\u00f4tel et de monter dans un taxi pour l&rsquo;a\u00e9roport.<\/p>\n<p>4mn montre en main, l&rsquo;a\u00e9roport est \u00e0 700 m\u00e8tres de l&rsquo;h\u00f4tel\ud83d\ude43.<\/p>\n<p>On fait la queue pour les bagages et c&rsquo;est long !!! Un groupe d&rsquo;Am\u00e9ricains prend leurs billets d&rsquo;avion, mais c&rsquo;est le foutoir, on arrive \u00e0 savoir que la compagnie s&rsquo;est tromp\u00e9e de destination, elle les a enregistr\u00e9s sur Guayaquil au lieu de Lima\ud83d\ude33.<\/p>\n<p>Tous les billets doivent \u00eatre refaits, mais surtout, il faut rapatrier tous les bagages\ud83d\ude29.<\/p>\n<p>45 minutes, \u00e7a a dur\u00e9\ud83d\ude2c j&rsquo;ai bien cru qu&rsquo;on allait rater l&rsquo;avion.<\/p>\n<p>Retour \u00e0 Quito et tout de suite l&rsquo;air nous manque, heureusement que demain soir nous redescendons pour aller 4 jours en Amazonie<\/p>\n<p>Nous finissons la soir\u00e9e dans un petit resto qui s&rsquo;appelle caf\u00e9 Dios no muere (dieu ne meurt pas) et pour le fun, je vous donne le code wifi, avemaria\ud83d\ude02.<\/p>\n<p><img loading=\"lazy\" decoding=\"async\" class=\"wp-image-1044\" src=\"https:\/\/lesvoyagesdechantaletmaurice.files.wordpress.com\/2017\/11\/img_7476-3.jpg\" width=\"4896\" height=\"3672\" \/><img loading=\"lazy\" decoding=\"async\" class=\"wp-image-1045\" src=\"https:\/\/lesvoyagesdechantaletmaurice.files.wordpress.com\/2017\/11\/img_7475-3.jpg\" width=\"4896\" height=\"3672\" \/><img loading=\"lazy\" decoding=\"async\" class=\"wp-image-1042\" src=\"https:\/\/lesvoyagesdechantaletmaurice.files.wordpress.com\/2017\/11\/img_7474-3.jpg\" width=\"4896\" height=\"3672\" \/><img loading=\"lazy\" decoding=\"async\" class=\"wp-image-1043\" src=\"https:\/\/lesvoyagesdechantaletmaurice.files.wordpress.com\/2017\/11\/img_7472-1.jpg\" width=\"4896\" height=\"3672\" \/><img loading=\"lazy\" decoding=\"async\" class=\"wp-image-1047\" src=\"https:\/\/lesvoyagesdechantaletmaurice.files.wordpress.com\/2017\/11\/img_7468-2.jpg\" width=\"5312\" height=\"2988\" \/><img loading=\"lazy\" decoding=\"async\" class=\"wp-image-1046\" src=\"https:\/\/lesvoyagesdechantaletmaurice.files.wordpress.com\/2017\/11\/img_7452-1.jpg\" width=\"4032\" height=\"3024\" \/><img loading=\"lazy\" decoding=\"async\" class=\"wp-image-1048\" src=\"https:\/\/lesvoyagesdechantaletmaurice.files.wordpress.com\/2017\/11\/dsc05107-1.jpg\" width=\"4896\" height=\"3672\" \/><\/p>\n","protected":false},"excerpt":{"rendered":"<p>Mercredi 22 novembre, San Cristobal &#8211; Quito Lev\u00e9e 8h, un bon petit d\u00e9jeuner et pr\u00e9paration des bagages. C&rsquo;est notre dernier jour aux Galapagos \ud83d\ude29et notre avion est \u00e0 13h20. Un dernier tour dans la ville de Puerto baquerizo et une derni\u00e8re visite aux otaries sur la playa Mann. Ils sont l\u00e0, comme toujours, certains se &hellip; <a href=\"https:\/\/lesvoyagesdechantaletmaurice.fr\/?page_id=822\" class=\"more-link\">Lire la suite <span class=\"screen-reader-text\">San Cristobal-Quito-J-13<\/span><\/a><\/p>\n","protected":false},"author":1,"featured_media":0,"parent":0,"menu_order":0,"comment_status":"open","ping_status":"closed","template":"","meta":{"spay_email":"","footnotes":""},"_links":{"self":[{"href":"https:\/\/lesvoyagesdechantaletmaurice.fr\/index.php?rest_route=\/wp\/v2\/pages\/822"}],"collection":[{"href":"https:\/\/lesvoyagesdechantaletmaurice.fr\/index.php?rest_route=\/wp\/v2\/pages"}],"about":[{"href":"https:\/\/lesvoyagesdechantaletmaurice.fr\/index.php?rest_route=\/wp\/v2\/types\/page"}],"author":[{"embeddable":true,"href":"https:\/\/lesvoyagesdechantaletmaurice.fr\/index.php?rest_route=\/wp\/v2\/users\/1"}],"replies":[{"embeddable":true,"href":"https:\/\/lesvoyagesdechantaletmaurice.fr\/index.php?rest_route=%2Fwp%2Fv2%2Fcomments&post=822"}],"version-history":[{"count":3,"href":"https:\/\/lesvoyagesdechantaletmaurice.fr\/index.php?rest_route=\/wp\/v2\/pages\/822\/revisions"}],"predecessor-version":[{"id":2892,"href":"https:\/\/lesvoyagesdechantaletmaurice.fr\/index.php?rest_route=\/wp\/v2\/pages\/822\/revisions\/2892"}],"wp:attachment":[{"href":"https:\/\/lesvoyagesdechantaletmaurice.fr\/index.php?rest_route=%2Fwp%2Fv2%2Fmedia&parent=822"}],"curies":[{"name":"wp","href":"https:\/\/api.w.org\/{rel}","templated":true}]}}