{"id":754,"date":"2017-11-09T23:19:48","date_gmt":"2017-11-09T22:19:48","guid":{"rendered":"https:\/\/lesvoyagesdechantaletmaurice.wordpress.com\/?page_id=754"},"modified":"2023-01-03T19:30:41","modified_gmt":"2023-01-03T18:30:41","slug":"guamote-guayaquil-j-6","status":"publish","type":"page","link":"https:\/\/lesvoyagesdechantaletmaurice.fr\/?page_id=754","title":{"rendered":"Cumanda-Guayaquil J-7"},"content":{"rendered":"<p><strong>Jeudi 16 novembre, Cumanda &#8211; Guayaquil<\/strong><\/p>\n<p>R\u00e9veil \u00e0 6h45, le temps est gris mais il fait tr\u00e8s bon.<\/p>\n<p><img loading=\"lazy\" decoding=\"async\" class=\"wp-image-918\" src=\"https:\/\/lesvoyagesdechantaletmaurice.files.wordpress.com\/2017\/11\/img_7166.jpg\" width=\"1328\" height=\"747\" \/><\/p>\n<p>La veille nous avons mang\u00e9 des lasagnes au pollo et des spaghettis \u00e0 la carbonara, il fallait bien tout \u00e7a puisqu&rsquo;\u00e0 midi on n&rsquo;a presque rien mang\u00e9 \ud83d\ude01.<\/p>\n<p>Au moment de retourner dans notre chambre, j&rsquo;entends un bruit bizarre, je me retourne et je vois une \u00e9norme sauterelle, mais \u00e9norme\ud83d\ude33 bon ok au moins 6 cm, je vous laisse juge.<\/p>\n<p><img loading=\"lazy\" decoding=\"async\" class=\"wp-image-899\" src=\"https:\/\/lesvoyagesdechantaletmaurice.files.wordpress.com\/2017\/11\/img_7088.jpg\" width=\"3024\" height=\"4032\" \/> Donc apr\u00e8s un bon petit d\u00e9jeuner, nous voil\u00e0 partis pour Guayaquil.<\/p>\n<p>Presque arriv\u00e9s, la police nous arr\u00eate\ud83d\ude33<\/p>\n<p>Papiers voiture, permis de conduire \u00e0 Maurice, ouvrir le coffre, le gars super s\u00e9rieux, Maurice lui donne son permis et le gars se mets \u00e0 rire et lui dit, c&rsquo;est toi ? Tu avais quel \u00e2ge ? Nous voil\u00e0 partie dans les explications en espagnol, italien, fran\u00e7ais m\u00e9lang\u00e9 d&rsquo;anglais\ud83d\ude13. Il commence par demander pourquoi toutes ces dates sur le permis, Maurice essai d&rsquo;expliquer notre mani\u00e8re fran\u00e7aise de fonctionner. Tout d&rsquo;un coup il nous dit que le papier de la voiture n&rsquo;est pas \u00e0 jour, la date de sa derni\u00e8re visite est 2015 et nous sommes en 2017 !!!\ud83d\ude33, l\u00e0 on commence \u00e0 flipper, je lui dis que je ne sais pas comment fonctionne la location, il me dit qu&rsquo;il comprend mais il n&rsquo;a pas le droit de me laisser rouler comme \u00e7a. Il me propose de laisser la voiture ici et de faire le reste du chemin en bus\ud83d\ude33, \u00ab\u00a0c&rsquo;est du lard ou du cochon\u00a0\u00bb ?<\/p>\n<p>Il faut que je pleure ou que je ri ? je ne sais pas, je ne sais plus alors je me dis que peut-\u00eatre l\u2019humour le fera changer d\u2019avis, je lui dis de nous laisser partir et demain, nous d\u00e9posons la voiture \u00e0 l\u2019a\u00e9roport pour prendre notre avion. Le propri\u00e9taire de la voiture va passer demain par l\u00e0 et il aura juste \u00e0 l\u2019arr\u00eater. J\u2019avoue, je ne suis pas fi\u00e8re de mon humour, c\u2019est plut\u00f4t de la d\u00e9lation, mais mince, il le savait que ses papiers n\u2019\u00e9taient pas \u00e0 jour.<\/p>\n<p>L\u2019autre policier lui demande ce qui se passe et lui dit, \u00ab Laisse-les partir \u00bb Enfin il se d\u00e9cide \u00e0 nous laisser partir mais nous explique qu\u2019il ne faudrait pas que d\u2019autres policiers nous arr\u00eatent !!!<\/p>\n<p>Nous repartons soulag\u00e9s, nous allons laisser la voiture au parking de l&rsquo;h\u00f4tel, on se d\u00e9placera en taxi, pas envie de se faire arr\u00eater encore\ud83d\ude0a<\/p>\n<p>Avant de rejoindre notre h\u00f4tel nous allons visiter les Mangroves de Churute.<\/p>\n<p>Il faut d&rsquo;abord que je trouve des toilettes\ud83d\ude33<\/p>\n<p>Je vais me retenir encore un peu\ud83d\ude2c<\/p>\n<p><img loading=\"lazy\" decoding=\"async\" class=\"wp-image-919\" src=\"https:\/\/lesvoyagesdechantaletmaurice.files.wordpress.com\/2017\/11\/img_7100.jpg\" width=\"3024\" height=\"4032\" \/> Il faut descendre jusqu&rsquo;\u00e0 la barque !!!!<\/p>\n<p><img loading=\"lazy\" decoding=\"async\" class=\"wp-image-903\" src=\"https:\/\/lesvoyagesdechantaletmaurice.files.wordpress.com\/2017\/11\/img_7160.jpg\" width=\"1328\" height=\"747\" \/><img loading=\"lazy\" decoding=\"async\" class=\"wp-image-901\" src=\"https:\/\/lesvoyagesdechantaletmaurice.files.wordpress.com\/2017\/11\/img_7159.jpg\" width=\"747\" height=\"1328\" \/><img loading=\"lazy\" decoding=\"async\" class=\"wp-image-902\" src=\"https:\/\/lesvoyagesdechantaletmaurice.files.wordpress.com\/2017\/11\/img_7158.jpg\" width=\"747\" height=\"1328\" \/><img loading=\"lazy\" decoding=\"async\" class=\"wp-image-900\" src=\"https:\/\/lesvoyagesdechantaletmaurice.files.wordpress.com\/2017\/11\/img_7157.jpg\" width=\"1328\" height=\"747\" \/><img loading=\"lazy\" decoding=\"async\" class=\"wp-image-904\" src=\"https:\/\/lesvoyagesdechantaletmaurice.files.wordpress.com\/2017\/11\/img_7151.jpg\" width=\"747\" height=\"1328\" \/> Nous arrivons \u00e0 Guayaquil, 3 millions et demi d&rsquo;habitants et traverser la ville est impossible \u00e0 d\u00e9crire tellement il y a de voies (5) et de circulation \u00ab\u00a0anarchique\u00a0\u00bb tu n&rsquo;as pas int\u00e9r\u00eat de te tromper de file !!! merci GPS, sans toi se serait impossible.<\/p>\n<p><img loading=\"lazy\" decoding=\"async\" class=\"wp-image-905\" src=\"https:\/\/lesvoyagesdechantaletmaurice.files.wordpress.com\/2017\/11\/img_7109.jpg\" width=\"3024\" height=\"4032\" \/><img loading=\"lazy\" decoding=\"async\" class=\"wp-image-906\" src=\"https:\/\/lesvoyagesdechantaletmaurice.files.wordpress.com\/2017\/11\/img_7108.jpg\" width=\"3024\" height=\"4032\" \/> Nous voil\u00e0 \u00e0 l&rsquo;h\u00f4tel, il ne paie pas de mine mais la g\u00e9rante est tr\u00e8s sympa.<\/p>\n<p>On part donc en taxi visiter la ville (5 dollars les 15mn) \ud83d\ude1c<\/p>\n<p>On a long\u00e9 le malecon (Promenade des Anglais chez nous en plus grand), en Equateur, on commence \u00e0 f\u00eater No\u00ebl \u00e0 partir de novembre \ud83d\ude33, le sapin est d\u00e9j\u00e0 fait et la cr\u00e8che aussi.<\/p>\n<p><img loading=\"lazy\" decoding=\"async\" class=\"wp-image-908\" src=\"https:\/\/lesvoyagesdechantaletmaurice.files.wordpress.com\/2017\/11\/img_7136.jpg\" width=\"747\" height=\"1328\" \/><img loading=\"lazy\" decoding=\"async\" class=\"wp-image-907\" src=\"https:\/\/lesvoyagesdechantaletmaurice.files.wordpress.com\/2017\/11\/img_7137.jpg\" width=\"1328\" height=\"747\" \/> J&rsquo;avais vu sur mon Lonely Planet qu&rsquo;il y avait un parc \u00e0 Iguanes, c&rsquo;est impensable de voir des iguanes en pleine ville et il y en a tellement qu&rsquo;il faut faire attention de ne pas leur marcher dessus. On en a m\u00eame vu un qui couvait ses \u0153ufs.<\/p>\n<p><img loading=\"lazy\" decoding=\"async\" class=\"wp-image-913\" src=\"https:\/\/lesvoyagesdechantaletmaurice.files.wordpress.com\/2017\/11\/img_7148.jpg\" width=\"1328\" height=\"747\" \/><img loading=\"lazy\" decoding=\"async\" class=\"wp-image-909\" src=\"https:\/\/lesvoyagesdechantaletmaurice.files.wordpress.com\/2017\/11\/img_7144.jpg\" width=\"1328\" height=\"747\" \/><img loading=\"lazy\" decoding=\"async\" class=\"wp-image-911\" src=\"https:\/\/lesvoyagesdechantaletmaurice.files.wordpress.com\/2017\/11\/img_7145.jpg\" width=\"1328\" height=\"747\" \/><img loading=\"lazy\" decoding=\"async\" class=\"wp-image-912\" src=\"https:\/\/lesvoyagesdechantaletmaurice.files.wordpress.com\/2017\/11\/img_7122.jpg\" width=\"4032\" height=\"3024\" \/><img loading=\"lazy\" decoding=\"async\" class=\"wp-image-910\" src=\"https:\/\/lesvoyagesdechantaletmaurice.files.wordpress.com\/2017\/11\/img_7129.jpg\" width=\"1494\" height=\"1494\" \/> Plus loin nous avons fait le march\u00e9 artisanal, il est immense et on se serait cru au souk mais en mieux, tous les vendeurs t&rsquo;interpellent, \u00e0 la fin tu ne regardes plus rien tellement c&rsquo;est aga\u00e7ant. On finit par acheter quelques souvenirs.<\/p>\n<p>Retour vers le Malecon, le march\u00e9 de No\u00ebl est install\u00e9, nous nous asseyons pour boire une bi\u00e8re tout en \u00e9coutant un groupe de chanteur.<\/p>\n<p><img loading=\"lazy\" decoding=\"async\" class=\"wp-image-914\" src=\"https:\/\/lesvoyagesdechantaletmaurice.files.wordpress.com\/2017\/11\/img_7130.jpg\" width=\"1328\" height=\"747\" \/><img loading=\"lazy\" decoding=\"async\" class=\"wp-image-915\" src=\"https:\/\/lesvoyagesdechantaletmaurice.files.wordpress.com\/2017\/11\/img_7124.jpg\" width=\"4032\" height=\"3024\" \/><img loading=\"lazy\" decoding=\"async\" class=\"wp-image-916\" src=\"https:\/\/lesvoyagesdechantaletmaurice.files.wordpress.com\/2017\/11\/img_7123.jpg\" width=\"4032\" height=\"3024\" \/> Il est temps de rentrer, on se mets sur le bord de la route et on essaie d&rsquo;interpeller un taxi, la circulation est tellement dense et les taxis sont d\u00e9j\u00e0 tous pris. On a quand m\u00eame pu en avoir un et rentrer \u00e0 notre h\u00f4tel o\u00f9 c&rsquo;est beaucoup plus calme.<\/p>\n<p>Demain nous partons t\u00f4t prendre notre avion pour les Galapagos ou une autre aventure nous attend.<\/p>\n","protected":false},"excerpt":{"rendered":"<p>Jeudi 16 novembre, Cumanda &#8211; Guayaquil R\u00e9veil \u00e0 6h45, le temps est gris mais il fait tr\u00e8s bon. La veille nous avons mang\u00e9 des lasagnes au pollo et des spaghettis \u00e0 la carbonara, il fallait bien tout \u00e7a puisqu&rsquo;\u00e0 midi on n&rsquo;a presque rien mang\u00e9 \ud83d\ude01. Au moment de retourner dans notre chambre, j&rsquo;entends un &hellip; <a href=\"https:\/\/lesvoyagesdechantaletmaurice.fr\/?page_id=754\" class=\"more-link\">Lire la suite <span class=\"screen-reader-text\">Cumanda-Guayaquil J-7<\/span><\/a><\/p>\n","protected":false},"author":1,"featured_media":0,"parent":0,"menu_order":0,"comment_status":"open","ping_status":"closed","template":"","meta":{"spay_email":"","footnotes":""},"_links":{"self":[{"href":"https:\/\/lesvoyagesdechantaletmaurice.fr\/index.php?rest_route=\/wp\/v2\/pages\/754"}],"collection":[{"href":"https:\/\/lesvoyagesdechantaletmaurice.fr\/index.php?rest_route=\/wp\/v2\/pages"}],"about":[{"href":"https:\/\/lesvoyagesdechantaletmaurice.fr\/index.php?rest_route=\/wp\/v2\/types\/page"}],"author":[{"embeddable":true,"href":"https:\/\/lesvoyagesdechantaletmaurice.fr\/index.php?rest_route=\/wp\/v2\/users\/1"}],"replies":[{"embeddable":true,"href":"https:\/\/lesvoyagesdechantaletmaurice.fr\/index.php?rest_route=%2Fwp%2Fv2%2Fcomments&post=754"}],"version-history":[{"count":4,"href":"https:\/\/lesvoyagesdechantaletmaurice.fr\/index.php?rest_route=\/wp\/v2\/pages\/754\/revisions"}],"predecessor-version":[{"id":2878,"href":"https:\/\/lesvoyagesdechantaletmaurice.fr\/index.php?rest_route=\/wp\/v2\/pages\/754\/revisions\/2878"}],"wp:attachment":[{"href":"https:\/\/lesvoyagesdechantaletmaurice.fr\/index.php?rest_route=%2Fwp%2Fv2%2Fmedia&parent=754"}],"curies":[{"name":"wp","href":"https:\/\/api.w.org\/{rel}","templated":true}]}}