{"id":748,"date":"2017-11-09T23:18:36","date_gmt":"2017-11-09T22:18:36","guid":{"rendered":"https:\/\/lesvoyagesdechantaletmaurice.wordpress.com\/?page_id=748"},"modified":"2023-01-03T19:25:01","modified_gmt":"2023-01-03T18:25:01","slug":"cotopaxi-quilitoa-jour-4","status":"publish","type":"page","link":"https:\/\/lesvoyagesdechantaletmaurice.fr\/?page_id=748","title":{"rendered":"Cotopaxi-Quilitoa J-4"},"content":{"rendered":"<p><strong>Lundi 13 novembre, Cotopaxi &#8211; Quilitoa<\/strong><\/p>\n<p>Lev\u00e9e \u00e0 6h, le soleil est au rendez-vous et d\u00e8s que j&rsquo;ouvre les yeux je vois le majestueux volcan Cotopaxi depuis mon lit. \u00c7a me redonne le sourire apr\u00e8s la mauvaise nuit que j&rsquo;ai pass\u00e9e, l&rsquo;altitude diminue l&rsquo;oxyg\u00e8ne et j&rsquo;ai mal \u00e0 la t\u00eate, mais ce n&rsquo;est pas grave. Je ne vais quand m\u00eame pas me plaindre alors que d&rsquo;autres sont au travail \ud83d\ude01<\/p>\n<p><a href=\"https:\/\/lesvoyagesdechantaletmaurice.files.wordpress.com\/2017\/11\/img_6873.jpg\"><img loading=\"lazy\" decoding=\"async\" class=\"alignnone size-full wp-image-805\" src=\"https:\/\/lesvoyagesdechantaletmaurice.files.wordpress.com\/2017\/11\/img_6873.jpg\" alt=\"\" width=\"4032\" height=\"3024\" \/><\/a><br \/>\nNous d\u00e9jeunons et d\u00e9part pour La Laguna de Quilitoa, une centaine de km \u00e0 faire, une bagatelle.<\/p>\n<p>Nous sortons du parc national et on s&rsquo;arr\u00eate sur un parking ou des vendeurs Andins nous propose leurs fabrications, \u00e0 la sortie nous tombons sur un b\u00e9b\u00e9 Alpaga (lama) de toute beaut\u00e9, on dirait une peluche. \u2764\ufe0f<\/p>\n<p><a href=\"https:\/\/lesvoyagesdechantaletmaurice.files.wordpress.com\/2017\/11\/img_6918.jpg\"><img loading=\"lazy\" decoding=\"async\" class=\"alignnone size-full wp-image-806\" src=\"https:\/\/lesvoyagesdechantaletmaurice.files.wordpress.com\/2017\/11\/img_6918.jpg\" alt=\"\" width=\"747\" height=\"1328\" \/><\/a><a href=\"https:\/\/lesvoyagesdechantaletmaurice.files.wordpress.com\/2017\/11\/img_6881.jpg\"><img loading=\"lazy\" decoding=\"async\" class=\"alignnone size-full wp-image-807\" src=\"https:\/\/lesvoyagesdechantaletmaurice.files.wordpress.com\/2017\/11\/img_6881.jpg\" alt=\"\" width=\"4032\" height=\"3024\" \/><\/a><br \/>\nOn reprend la route et l\u00e0, surprise, la route du Cotopaxi c&rsquo;est de la gnognote \u00e0 comparer de celle-ci, 20km de route d\u00e9fonc\u00e9e, on s&rsquo;est demand\u00e9 si le GPS ne manquait pas d&rsquo;oxyg\u00e8ne lui aussi, \u00e0 un moment il nous a propos\u00e9 de tourner \u00e0 droite et \u00e0 gauche\ud83d\ude29 bon il a repris ses esprits et on a pu continuer, quand tout \u00e0 coup une voiture de police s&rsquo;arr\u00eate \u00e0 c\u00f4t\u00e9 de nous pour nous demander o\u00f9 nous allons, notre espagnol approximatif, je pense l&rsquo;a un peu agac\u00e9, donc nous avons eu le droit \u00e0 un rapido, rapido, traduction \u00ab\u00a0d\u00e9gag\u00e9 vite\u00a0\u00bb\ud83d\ude13<\/p>\n<p>Quelques m\u00e8tres plus loin d&rsquo;autres policiers qui mettent en place un ruban jaune et nous font signe de passer rapidement. Ouf, on peut passer, on ne comprend pas leur nervosit\u00e9 mais on s&rsquo;en fou on passe, manquerait plus qu&rsquo;il nous dise de faire demi-tour, on arrive au bout de cette route pourrie, hors de question de faire demi-tour, enfin, je dis \u00e7a mais s&rsquo;il fallait le faire on n&rsquo;aurait pas fait les malins.<\/p>\n<p>Un peu plus loin encore un ruban install\u00e9 et des habitants qui attendent, mais quoi ou qui ? On explique qu&rsquo;on veut aller \u00e0 Quilitoa, il soul\u00e8ve le ruban et nous disent qu&rsquo;il va y avoir une course de voiture, il faut vite partir et prendre la premi\u00e8re \u00e0 droite, et l\u00e0, eur\u00eaka, une belle grande route, all\u00e9luia \ud83d\ude07Mais je me pose une question, comment il peut y avoir une course de voiture sur cette route, \u00e0 l&rsquo;arriv\u00e9e elles sont compl\u00e8tement disloqu\u00e9es\ud83d\ude43<\/p>\n<p>Nous arrivons enfin \u00e0 la laguna de Quilitoa, nous prenons possession de notre h\u00f4tel et c&rsquo;est reparti pour visiter la ville. D&rsquo;abord une vue de la laguna depuis le mirador, le lac est immense et superbe, les couleurs vertes avec le soleil c&rsquo;est magique, apr\u00e8s le repas nous descendrons pour la voir de plus pr\u00e8s.<\/p>\n<p><a href=\"https:\/\/lesvoyagesdechantaletmaurice.files.wordpress.com\/2017\/11\/img_6887.jpg\"><img loading=\"lazy\" decoding=\"async\" class=\"alignnone size-full wp-image-808\" src=\"https:\/\/lesvoyagesdechantaletmaurice.files.wordpress.com\/2017\/11\/img_6887.jpg\" alt=\"\" width=\"4032\" height=\"3024\" \/><\/a><a href=\"https:\/\/lesvoyagesdechantaletmaurice.files.wordpress.com\/2017\/11\/img_6892.jpg\"><img loading=\"lazy\" decoding=\"async\" class=\"alignnone size-full wp-image-809\" src=\"https:\/\/lesvoyagesdechantaletmaurice.files.wordpress.com\/2017\/11\/img_6892.jpg\" alt=\"\" width=\"4032\" height=\"3024\" \/><\/a><br \/>\nNous mangeons dans un restaurant communautaire, c&rsquo;est simple mais bon.<\/p>\n<p>Il est temps de descendre voir le lac, il nous faudra 1h pour descendre.<\/p>\n<p>Aux vues de ceux qui remontent \u00e0 pied et de la douleur qui se lit sur leur visage, Je ne voudrais pas para\u00eetre fain\u00e9ante, mais d\u00e9j\u00e0 descendre c&rsquo;est p\u00e9nible alors monter, non \ud83d\udc4e. Donc arriv\u00e9s au lac, un petit tour et une pause sur un banc \u00e0 admirer toutes ces belles couleurs.<\/p>\n<p><a href=\"https:\/\/lesvoyagesdechantaletmaurice.files.wordpress.com\/2017\/11\/img_6912.jpg\"><img loading=\"lazy\" decoding=\"async\" class=\"alignnone size-full wp-image-812\" src=\"https:\/\/lesvoyagesdechantaletmaurice.files.wordpress.com\/2017\/11\/img_6912.jpg\" alt=\"\" width=\"1296\" height=\"972\" \/><\/a><a href=\"https:\/\/lesvoyagesdechantaletmaurice.files.wordpress.com\/2017\/11\/img_6902.jpg\"><img loading=\"lazy\" decoding=\"async\" class=\"alignnone size-full wp-image-811\" src=\"https:\/\/lesvoyagesdechantaletmaurice.files.wordpress.com\/2017\/11\/img_6902.jpg\" alt=\"\" width=\"1296\" height=\"972\" \/><\/a><a href=\"https:\/\/lesvoyagesdechantaletmaurice.files.wordpress.com\/2017\/11\/img_6903.jpg\"><img loading=\"lazy\" decoding=\"async\" class=\"alignnone size-full wp-image-810\" src=\"https:\/\/lesvoyagesdechantaletmaurice.files.wordpress.com\/2017\/11\/img_6903.jpg\" alt=\"\" width=\"1296\" height=\"972\" \/><\/a><br \/>\nLes chevaux nous attendent enfin si on peut dire, je pense qu&rsquo;ils aimeraient bien rentrer \u00e0 l&rsquo;\u00e9curie, donc, je monte sur le mien, un cheval blanc, mais d\u00e9j\u00e0 je vois qu&rsquo;il est en sueur le pauvre, celui de Maurice aurait pr\u00e9f\u00e9r\u00e9 que ce soit moi sur lui mais non le sort t&rsquo;a d\u00e9sign\u00e9, toi, le cheval marron et je suis d\u00e9sol\u00e9e \ud83e\udd17<\/p>\n<p><a href=\"https:\/\/lesvoyagesdechantaletmaurice.files.wordpress.com\/2017\/11\/img_6900.jpg\"><img loading=\"lazy\" decoding=\"async\" class=\"alignnone size-full wp-image-815\" src=\"https:\/\/lesvoyagesdechantaletmaurice.files.wordpress.com\/2017\/11\/img_6900.jpg\" alt=\"\" width=\"1334\" height=\"1000\" \/><\/a><a href=\"https:\/\/lesvoyagesdechantaletmaurice.files.wordpress.com\/2017\/11\/img_6904.jpg\"><img loading=\"lazy\" decoding=\"async\" class=\"alignnone size-full wp-image-813\" src=\"https:\/\/lesvoyagesdechantaletmaurice.files.wordpress.com\/2017\/11\/img_6904.jpg\" alt=\"\" width=\"747\" height=\"1328\" \/><\/a><a href=\"https:\/\/lesvoyagesdechantaletmaurice.files.wordpress.com\/2017\/11\/img_6906.jpg\"><img loading=\"lazy\" decoding=\"async\" class=\"alignnone size-full wp-image-814\" src=\"https:\/\/lesvoyagesdechantaletmaurice.files.wordpress.com\/2017\/11\/img_6906.jpg\" alt=\"\" width=\"747\" height=\"1328\" \/><\/a><a href=\"https:\/\/lesvoyagesdechantaletmaurice.files.wordpress.com\/2017\/11\/img_6894.jpg\"><img loading=\"lazy\" decoding=\"async\" class=\"alignnone size-full wp-image-816\" src=\"https:\/\/lesvoyagesdechantaletmaurice.files.wordpress.com\/2017\/11\/img_6894.jpg\" alt=\"\" width=\"3024\" height=\"4032\" \/><\/a><br \/>\nNotre guide tr\u00e8s jeune nous demande d&rsquo;o\u00f9 nous venons et nos pr\u00e9noms et bien entendu nous faisons de m\u00eame, il dit s&rsquo;appeler Napol\u00e9on, bien s\u00fbr et si j&rsquo;avais dit USA il se serait appel\u00e9 Donald ou russe, Vladimir, ils sont malins ces \u00c9quatoriens. Mais une chose est s\u00fbre, tout le long de cette mont\u00e9e, j&rsquo;\u00e9tais prise de regrets de le voir souffrir comme \u00e7a et pourtant c&rsquo;est gr\u00e2ce \u00e0 \u00e7a qu&rsquo;il gagne sa vie.<\/p>\n<p>Arriv\u00e9s \u00e0 destination, nous ne pouvons pas nous emp\u00eacher de lui donner un bon pourboire pour le remercier et surtout all\u00e9ger notre conscience.<\/p>\n<p>On finit par une petite visite du village et ses magasins artisanaux pour ensuite retourner \u00e0 notre h\u00f4tel se reposer\ud83d\ude01.<\/p>\n<p>Demain une autre belle journ\u00e9e nous attend, Banos et ses thermes\ud83d\ude0d<\/p>\n","protected":false},"excerpt":{"rendered":"<p>Lundi 13 novembre, Cotopaxi &#8211; Quilitoa Lev\u00e9e \u00e0 6h, le soleil est au rendez-vous et d\u00e8s que j&rsquo;ouvre les yeux je vois le majestueux volcan Cotopaxi depuis mon lit. \u00c7a me redonne le sourire apr\u00e8s la mauvaise nuit que j&rsquo;ai pass\u00e9e, l&rsquo;altitude diminue l&rsquo;oxyg\u00e8ne et j&rsquo;ai mal \u00e0 la t\u00eate, mais ce n&rsquo;est pas grave. &hellip; <a href=\"https:\/\/lesvoyagesdechantaletmaurice.fr\/?page_id=748\" class=\"more-link\">Lire la suite <span class=\"screen-reader-text\">Cotopaxi-Quilitoa J-4<\/span><\/a><\/p>\n","protected":false},"author":1,"featured_media":0,"parent":0,"menu_order":0,"comment_status":"open","ping_status":"closed","template":"","meta":{"spay_email":"","footnotes":""},"_links":{"self":[{"href":"https:\/\/lesvoyagesdechantaletmaurice.fr\/index.php?rest_route=\/wp\/v2\/pages\/748"}],"collection":[{"href":"https:\/\/lesvoyagesdechantaletmaurice.fr\/index.php?rest_route=\/wp\/v2\/pages"}],"about":[{"href":"https:\/\/lesvoyagesdechantaletmaurice.fr\/index.php?rest_route=\/wp\/v2\/types\/page"}],"author":[{"embeddable":true,"href":"https:\/\/lesvoyagesdechantaletmaurice.fr\/index.php?rest_route=\/wp\/v2\/users\/1"}],"replies":[{"embeddable":true,"href":"https:\/\/lesvoyagesdechantaletmaurice.fr\/index.php?rest_route=%2Fwp%2Fv2%2Fcomments&post=748"}],"version-history":[{"count":3,"href":"https:\/\/lesvoyagesdechantaletmaurice.fr\/index.php?rest_route=\/wp\/v2\/pages\/748\/revisions"}],"predecessor-version":[{"id":2872,"href":"https:\/\/lesvoyagesdechantaletmaurice.fr\/index.php?rest_route=\/wp\/v2\/pages\/748\/revisions\/2872"}],"wp:attachment":[{"href":"https:\/\/lesvoyagesdechantaletmaurice.fr\/index.php?rest_route=%2Fwp%2Fv2%2Fmedia&parent=748"}],"curies":[{"name":"wp","href":"https:\/\/api.w.org\/{rel}","templated":true}]}}