{"id":742,"date":"2017-11-09T23:16:56","date_gmt":"2017-11-09T22:16:56","guid":{"rendered":"https:\/\/lesvoyagesdechantaletmaurice.wordpress.com\/?page_id=742"},"modified":"2023-01-03T19:22:34","modified_gmt":"2023-01-03T18:22:34","slug":"lyon-quito","status":"publish","type":"page","link":"https:\/\/lesvoyagesdechantaletmaurice.fr\/?page_id=742","title":{"rendered":"Lyon-Quito J-1 et 2"},"content":{"rendered":"\n<h5 class=\"wp-block-heading\"><span style=\"color: #ff00ff;\">Cette ann\u00e9e c&rsquo;est un voyage en \u00e9quateur que nous allons faire.<\/span><\/h5>\n\n\n\n<p><span style=\"color: #ff00ff;\">-De Lyon \u00e0 Quito puis \u00e0 la mitad del mundo (au point 0 du monde).<\/span><\/p>\n\n\n\n<p><span style=\"color: #ff00ff;\">-Cotopaxi (un volcan d&rsquo;\u00c9quateur culminant \u00e0 5 897 m\u00e8tres d&rsquo;altitude) je ne promets pas d&rsquo;aller tout au bout, mais au maximum de mes capacit\u00e9s.<\/span><\/p>\n\n\n\n<p><span style=\"color: #ff00ff;\">-Le lac de Quilitoa (volcan culminant \u00e0 3 914 m)<\/span><\/p>\n\n\n\n<p><span style=\"color: #ff00ff;\">-Banos et ses thermes ainsi que la route des cascades.<\/span><\/p>\n\n\n\n<p><span style=\"color: #ff00ff;\">-Guamote et son march\u00e9 un des plus grands que connait l\u2019Equateur.<\/span><\/p>\n\n\n\n<p><span style=\"color: #ff00ff;\">-Guayaquil<\/span><\/p>\n\n\n\n<p><span style=\"color: #ff00ff;\">-Les iles Galapagos (Santa Cruz, Isabela et San Cristobal)<\/span><\/p>\n\n\n\n<p><span style=\"color: #ff00ff;\">-Retour sur Quito pour aller faire une vir\u00e9e en Amazonie \u00e9quatorienne (<em>Un lodge dans la r\u00e9serve du Cuyabeno<\/em><em>)<\/em><\/span><\/p>\n\n\n\n<p><strong>Vendredi 1O novembre, Lyon &#8211; Quito<\/strong><\/p>\n\n\n\n<p>Lev\u00e9e \u00e0 3h du matin un peu dur.<\/p>\n\n\n\n<p>Je me suis couch\u00e9e \u00e0 minuit, le temps de refaire un tour et ne rien oublier.<\/p>\n\n\n\n<p>D\u00e9part pour l&rsquo;a\u00e9roport \u00e0 4h pour un avion \u00e0 6h40. Le vol dure 1h05 donc inutile d&rsquo;essayer de dormir un peu.<\/p>\n\n\n\n<p><a href=\"https:\/\/lesvoyagesdechantaletmaurice.files.wordpress.com\/2017\/11\/img_6787.jpg\"><img loading=\"lazy\" decoding=\"async\" width=\"2576\" height=\"1932\" class=\"alignnone size-full wp-image-774\" src=\"https:\/\/lesvoyagesdechantaletmaurice.files.wordpress.com\/2017\/11\/img_6787.jpg\" alt=\"\"><\/a><br>Arriv\u00e9e \u00e0 Francfort au terminal A Porte 36, il nous faut aller, terminal B Porte 61 !!! Que c&rsquo;est long !!!<\/p>\n\n\n\n<p>Nous voici enfin arriv\u00e9, quel bonheur de voir \u00ab\u00a0Panama\u00a0\u00bb sur l&rsquo;\u00e9cran, bon 12h d&rsquo;avion avant d&rsquo;arriver et ensuite nous pourrons voir \u00e9crit QUITO.<\/p>\n\n\n\n<figure class=\"wp-block-image\"><a href=\"https:\/\/lesvoyagesdechantaletmaurice.files.wordpress.com\/2017\/11\/img_6791.jpg\"><img decoding=\"async\" src=\"https:\/\/lesvoyagesdechantaletmaurice.files.wordpress.com\/2017\/11\/img_6791.jpg\" alt=\"\" class=\"wp-image-772\"\/><\/a><\/figure>\n\n\n\n<figure class=\"wp-block-image\"><a href=\"https:\/\/lesvoyagesdechantaletmaurice.files.wordpress.com\/2017\/11\/img_6790.jpg\"><img decoding=\"async\" src=\"https:\/\/lesvoyagesdechantaletmaurice.files.wordpress.com\/2017\/11\/img_6790.jpg\" alt=\"\" class=\"wp-image-773\"\/><\/a><\/figure>\n\n\n\n<p>Le trajet francfort Panama a dur\u00e9 12h mais le temps passe assez vite.<\/p>\n\n\n\n<p>D\u00e8s que l&rsquo;avion a pris son envol et s&rsquo;est stabilis\u00e9 les h\u00f4tesses de l&rsquo;air commencent leurs services, nous avons l&rsquo;ap\u00e9ro puis le repas, ensuite caf\u00e9 et digestif, on nous laisse dig\u00e9rer (je profite pour dormir un peu) \ud83d\ude01. Viens le go\u00fbter et ensuite rebelote, ap\u00e9ro, repas et nous sommes arriv\u00e9s \u00e0 panama. Il reste 2 heures d&rsquo;attente et ensuite le dernier vol qui nous emm\u00e8nera \u00e0 destination, Quito.<\/p>\n\n\n\n<p>21h00 heure locale nous arrivons enfin \u00e0 Quito, il faut passer l&rsquo;immigration et ensuite r\u00e9cup\u00e9rer nos bagages et enfin nous passons la derni\u00e8re porte.<\/p>\n\n\n\n<p>Nous trouvons rapidement notre taxi qui est d\u00e9j\u00e0 l\u00e0 avec sa pancarte et notre nom, la classe, Freddy le chauffeur nous annonce 45 mn de route pour arriver \u00e0 l&rsquo;h\u00f4tel, je suis au bout de ma vie, je veux un lit !!! DODO.<\/p>\n\n\n\n<p><a href=\"https:\/\/lesvoyagesdechantaletmaurice.files.wordpress.com\/2017\/11\/img_6798.jpg\"><img loading=\"lazy\" decoding=\"async\" class=\"alignnone size-full wp-image-776\" src=\"https:\/\/lesvoyagesdechantaletmaurice.files.wordpress.com\/2017\/11\/img_6798.jpg\" alt=\"\" width=\"3024\" height=\"4032\"><\/a><br>Enfin nous arrivons \u00e0 l&rsquo;h\u00f4tel Coloniale San Augustin \u00e0 Quito ou nous sommes accueillis par une charmante jeune fille. Apr\u00e8s le remplissage des papiers, le paiement, enfin nous montons dans notre chambre mais comme le trajet ne suffisait pas maintenant c&rsquo;est 2 \u00e9tages sans ascenseur et autant dire que la valise de 23 kg c&rsquo;est lourd.<\/p>\n\n\n\n<p>Vite un lit, je veux fermer mes yeux et dormir.<\/p>\n\n\n\n<p><strong>Samedi 11 novembre, Quito<\/strong><\/p>\n\n\n\n<p>Je me r\u00e9veille \u00e0 5h45 bien repos\u00e9e, le petit d\u00e9jeuner nous attend et ensuite le briefing avec une personne de Tout Equateur, un r\u00e9seau solidaire qui aide le voyageur \u00e0 pr\u00e9parer son voyage en \u00c9quateur en toute ind\u00e9pendance ! Gr\u00e2ce aux conseils et bons plans et tout \u00e7a gratuitement. Nous avons test\u00e9 le Costa Rica avec Toutcostarica et nous avons \u00e9t\u00e9 enchant\u00e9, donc quand on aime !!!<\/p>\n\n\n\n<p>Apr\u00e8s le briefing nous prenons possession de notre voiture et l\u00e0, une surprise nous attend, nous avions r\u00e9serv\u00e9 une voiture pas trop grande mais pas trop petite mais surtout qui serait assez confortable pour rouler sur les routes d\u00e9fonc\u00e9es. Et bien nous avons eu un 4\/4, la classe, sauf que j&rsquo;ai eu du mal \u00e0 monter et pour descendre, je ne me rappelais plus qu&rsquo;il \u00e9tait haut et j&rsquo;ai failli tomber.<\/p>\n\n\n\n<p>Maintenant il est temps de commencer notre voyage et nous ne partons pas loin, 22km, mais avec la circulation nous avons mis 1h, mais \u00e7a valait le coup.<\/p>\n\n\n\n<p>Nous voici \u00e0 la Mitad Del Mundo, au point z\u00e9ro de l&rsquo;\u00e9quateur.<\/p>\n\n\n\n<figure class=\"wp-block-image\"><a href=\"https:\/\/lesvoyagesdechantaletmaurice.files.wordpress.com\/2017\/11\/img_6808.jpg\"><img decoding=\"async\" src=\"https:\/\/lesvoyagesdechantaletmaurice.files.wordpress.com\/2017\/11\/img_6808.jpg\" alt=\"\" class=\"wp-image-777\"\/><\/a><\/figure>\n\n\n\n<figure class=\"wp-block-image\"><a href=\"https:\/\/lesvoyagesdechantaletmaurice.files.wordpress.com\/2017\/11\/img_6810.jpg\"><img decoding=\"async\" src=\"https:\/\/lesvoyagesdechantaletmaurice.files.wordpress.com\/2017\/11\/img_6810.jpg\" alt=\"\" class=\"wp-image-779\"\/><\/a><\/figure>\n\n\n\n<p><img loading=\"lazy\" decoding=\"async\" class=\"alignnone size-full wp-image-781\" src=\"https:\/\/lesvoyagesdechantaletmaurice.files.wordpress.com\/2017\/11\/dsc04595.jpg\" alt=\"DSC04595\" width=\"4896\" height=\"3672\"><img loading=\"lazy\" decoding=\"async\" class=\"alignnone size-full wp-image-782\" src=\"https:\/\/lesvoyagesdechantaletmaurice.files.wordpress.com\/2017\/11\/dsc04596.jpg\" alt=\"DSC04596\" width=\"4896\" height=\"3672\"><br>Apr\u00e8s avoir visiter le parc nous prenons le chemin du retour pour Quito, 2 heures pour rentrer, j&rsquo;ai failli m&rsquo;endormir, le d\u00e9calage horaire est encore l\u00e0, demain \u00e7a ira mieux. D\u00e9part \u00e0 8h pour le Cotopaxi.<\/p>\n","protected":false},"excerpt":{"rendered":"<p>Cette ann\u00e9e c&rsquo;est un voyage en \u00e9quateur que nous allons faire. -De Lyon \u00e0 Quito puis \u00e0 la mitad del mundo (au point 0 du monde). -Cotopaxi (un volcan d&rsquo;\u00c9quateur culminant \u00e0 5 897 m\u00e8tres d&rsquo;altitude) je ne promets pas d&rsquo;aller tout au bout, mais au maximum de mes capacit\u00e9s. -Le lac de Quilitoa (volcan &hellip; <a href=\"https:\/\/lesvoyagesdechantaletmaurice.fr\/?page_id=742\" class=\"more-link\">Lire la suite <span class=\"screen-reader-text\">Lyon-Quito J-1 et 2<\/span><\/a><\/p>\n","protected":false},"author":1,"featured_media":0,"parent":0,"menu_order":0,"comment_status":"open","ping_status":"closed","template":"","meta":{"spay_email":"","footnotes":""},"_links":{"self":[{"href":"https:\/\/lesvoyagesdechantaletmaurice.fr\/index.php?rest_route=\/wp\/v2\/pages\/742"}],"collection":[{"href":"https:\/\/lesvoyagesdechantaletmaurice.fr\/index.php?rest_route=\/wp\/v2\/pages"}],"about":[{"href":"https:\/\/lesvoyagesdechantaletmaurice.fr\/index.php?rest_route=\/wp\/v2\/types\/page"}],"author":[{"embeddable":true,"href":"https:\/\/lesvoyagesdechantaletmaurice.fr\/index.php?rest_route=\/wp\/v2\/users\/1"}],"replies":[{"embeddable":true,"href":"https:\/\/lesvoyagesdechantaletmaurice.fr\/index.php?rest_route=%2Fwp%2Fv2%2Fcomments&post=742"}],"version-history":[{"count":3,"href":"https:\/\/lesvoyagesdechantaletmaurice.fr\/index.php?rest_route=\/wp\/v2\/pages\/742\/revisions"}],"predecessor-version":[{"id":2870,"href":"https:\/\/lesvoyagesdechantaletmaurice.fr\/index.php?rest_route=\/wp\/v2\/pages\/742\/revisions\/2870"}],"wp:attachment":[{"href":"https:\/\/lesvoyagesdechantaletmaurice.fr\/index.php?rest_route=%2Fwp%2Fv2%2Fmedia&parent=742"}],"curies":[{"name":"wp","href":"https:\/\/api.w.org\/{rel}","templated":true}]}}