{"id":496,"date":"2017-10-31T19:11:40","date_gmt":"2017-10-31T18:11:40","guid":{"rendered":"https:\/\/lesvoyagesdechantaletmaurice.wordpress.com\/?page_id=496"},"modified":"2020-03-29T18:15:02","modified_gmt":"2020-03-29T16:15:02","slug":"jour-16-_-retour-en-france","status":"publish","type":"page","link":"https:\/\/lesvoyagesdechantaletmaurice.fr\/?page_id=496","title":{"rendered":"Jour 16 _ Retour en France"},"content":{"rendered":"<p><strong>Lundi 21 mars, Alajuela &#8211; Lyon<\/strong><\/p>\n<p>Apr\u00e8s une bonne nuit, courte mais bonne, nous partons d\u00e9jeuner une derni\u00e8re fois \u00e0 l\u2019h\u00f4tel et surtout ces bons fruits que tous les matins nous avions, ananas, papaye, melon et past\u00e8que, avec un jus de mangue, des toasts avec beurre et marmelade, \u0153ufs brouill\u00e9s et du caf\u00e9.<\/p>\n<p><img loading=\"lazy\" decoding=\"async\" class=\"alignnone size-full wp-image-436\" src=\"https:\/\/lesvoyagesdechantaletmaurice.files.wordpress.com\/2016\/03\/img_4350.jpg\" alt=\"img_4350\" width=\"4032\" height=\"3024\" \/><\/p>\n<p>\u00c7a y est, c\u2019est l\u2019heure du d\u00e9part, notre taxi est la, nous partons du Costa Rica, nous rentrons en France.<\/p>\n<p><img loading=\"lazy\" decoding=\"async\" class=\"alignnone size-full wp-image-434\" src=\"https:\/\/lesvoyagesdechantaletmaurice.files.wordpress.com\/2016\/03\/img_4363.jpg\" alt=\"img_4363\" width=\"2576\" height=\"1932\" \/><\/p>\n<p>Nous aurons v\u00e9cu un superbe et beau voyage, nous en avons plein la t\u00eate et les yeux et les jambes aussi et nous esp\u00e9rons que dans 3 ans \u00e0 peu pr\u00e8s nous reviendrons visiter \u00e0 nouveau ce pays. Ils ont raison les Costa Ricains.<\/p>\n<p style=\"text-align: center;\"><span style=\"text-decoration: underline;\"><span style=\"color: #ff00ff; text-decoration: underline;\">PURA VIDA<\/span><\/span><\/p>\n<p>Ce blog je l\u2019ai fait sans penser un seul instant que je le suivrai tous les jours.<\/p>\n<p>Il fallait quand m\u00eame que je partage mon histoire avec mes enfants et petits-enfants, mes amis et les copains. J\u2019esp\u00e8re que c\u2019est r\u00e9ussi.<\/p>\n<p>Je voulais d\u00e9dier ce blog \u00e0 mon papa, ma maman et ma soeur \u00e0 qui je ne pourrais pas leurs raconter mon voyage comme je le faisais jadis. J\u2019esp\u00e8re que de la-haut ils m\u2019auront vu.<\/p>\n<p><img loading=\"lazy\" decoding=\"async\" class=\"alignnone size-medium wp-image-2356\" src=\"http:\/\/lesvoyagesdechantaletmaurice.fr\/wp-content\/uploads\/2020\/03\/DSC02758-300x225.jpg\" alt=\"\" width=\"300\" height=\"225\" srcset=\"https:\/\/lesvoyagesdechantaletmaurice.fr\/wp-content\/uploads\/2020\/03\/DSC02758-300x225.jpg 300w, https:\/\/lesvoyagesdechantaletmaurice.fr\/wp-content\/uploads\/2020\/03\/DSC02758-1024x768.jpg 1024w, https:\/\/lesvoyagesdechantaletmaurice.fr\/wp-content\/uploads\/2020\/03\/DSC02758-768x576.jpg 768w, https:\/\/lesvoyagesdechantaletmaurice.fr\/wp-content\/uploads\/2020\/03\/DSC02758-1536x1152.jpg 1536w, https:\/\/lesvoyagesdechantaletmaurice.fr\/wp-content\/uploads\/2020\/03\/DSC02758-2048x1536.jpg 2048w, https:\/\/lesvoyagesdechantaletmaurice.fr\/wp-content\/uploads\/2020\/03\/DSC02758-685x514.jpg 685w, https:\/\/lesvoyagesdechantaletmaurice.fr\/wp-content\/uploads\/2020\/03\/DSC02758-2000x1500.jpg 2000w\" sizes=\"(max-width: 300px) 100vw, 300px\" \/> <img loading=\"lazy\" decoding=\"async\" class=\"alignnone size-medium wp-image-2357\" src=\"http:\/\/lesvoyagesdechantaletmaurice.fr\/wp-content\/uploads\/2020\/03\/DSC02760-300x225.jpg\" alt=\"\" width=\"300\" height=\"225\" srcset=\"https:\/\/lesvoyagesdechantaletmaurice.fr\/wp-content\/uploads\/2020\/03\/DSC02760-300x225.jpg 300w, https:\/\/lesvoyagesdechantaletmaurice.fr\/wp-content\/uploads\/2020\/03\/DSC02760-1024x768.jpg 1024w, https:\/\/lesvoyagesdechantaletmaurice.fr\/wp-content\/uploads\/2020\/03\/DSC02760-768x576.jpg 768w, https:\/\/lesvoyagesdechantaletmaurice.fr\/wp-content\/uploads\/2020\/03\/DSC02760-1536x1152.jpg 1536w, https:\/\/lesvoyagesdechantaletmaurice.fr\/wp-content\/uploads\/2020\/03\/DSC02760-2048x1536.jpg 2048w, https:\/\/lesvoyagesdechantaletmaurice.fr\/wp-content\/uploads\/2020\/03\/DSC02760-685x514.jpg 685w, https:\/\/lesvoyagesdechantaletmaurice.fr\/wp-content\/uploads\/2020\/03\/DSC02760-2000x1500.jpg 2000w\" sizes=\"(max-width: 300px) 100vw, 300px\" \/><\/p>\n","protected":false},"excerpt":{"rendered":"<p>Lundi 21 mars, Alajuela &#8211; Lyon Apr\u00e8s une bonne nuit, courte mais bonne, nous partons d\u00e9jeuner une derni\u00e8re fois \u00e0 l\u2019h\u00f4tel et surtout ces bons fruits que tous les matins nous avions, ananas, papaye, melon et past\u00e8que, avec un jus de mangue, des toasts avec beurre et marmelade, \u0153ufs brouill\u00e9s et du caf\u00e9. \u00c7a y &hellip; <a href=\"https:\/\/lesvoyagesdechantaletmaurice.fr\/?page_id=496\" class=\"more-link\">Lire la suite <span class=\"screen-reader-text\">Jour 16 _ Retour en France<\/span><\/a><\/p>\n","protected":false},"author":1,"featured_media":0,"parent":623,"menu_order":11,"comment_status":"open","ping_status":"closed","template":"","meta":{"spay_email":"","footnotes":""},"_links":{"self":[{"href":"https:\/\/lesvoyagesdechantaletmaurice.fr\/index.php?rest_route=\/wp\/v2\/pages\/496"}],"collection":[{"href":"https:\/\/lesvoyagesdechantaletmaurice.fr\/index.php?rest_route=\/wp\/v2\/pages"}],"about":[{"href":"https:\/\/lesvoyagesdechantaletmaurice.fr\/index.php?rest_route=\/wp\/v2\/types\/page"}],"author":[{"embeddable":true,"href":"https:\/\/lesvoyagesdechantaletmaurice.fr\/index.php?rest_route=\/wp\/v2\/users\/1"}],"replies":[{"embeddable":true,"href":"https:\/\/lesvoyagesdechantaletmaurice.fr\/index.php?rest_route=%2Fwp%2Fv2%2Fcomments&post=496"}],"version-history":[{"count":1,"href":"https:\/\/lesvoyagesdechantaletmaurice.fr\/index.php?rest_route=\/wp\/v2\/pages\/496\/revisions"}],"predecessor-version":[{"id":2359,"href":"https:\/\/lesvoyagesdechantaletmaurice.fr\/index.php?rest_route=\/wp\/v2\/pages\/496\/revisions\/2359"}],"up":[{"embeddable":true,"href":"https:\/\/lesvoyagesdechantaletmaurice.fr\/index.php?rest_route=\/wp\/v2\/pages\/623"}],"wp:attachment":[{"href":"https:\/\/lesvoyagesdechantaletmaurice.fr\/index.php?rest_route=%2Fwp%2Fv2%2Fmedia&parent=496"}],"curies":[{"name":"wp","href":"https:\/\/api.w.org\/{rel}","templated":true}]}}